*m(w). Determine s(-2).
2
Let a(k) = 247*k - 492*k + 235*k. Let j = 469 + -466. Give a(j).
-30
Let i = 122 + -120. Let k(h) = -4 - 3 - 5*h**2 + 2*h + 2*h + 9 + 3*h**3 - i*h**3. Calculate k(4).
2
Let s(f) = -12*f - 66. Suppose -26*t + 14 = -2*q - 31*t, 2*q - 4*t + 14 = 0. What is s(q)?
18
Suppose 0 = 2*h + 2*h - 32. Let u be (-70)/(-24) - (-60)/720. Let p(a) = 1 + 7*a + 2*a - h*a - u. Determine p(2).
0
Let l(g) = -g**2 - g - 1. Let a(i) = -i**3 + 7*i**2 + 8*i + 7. Let t(c) = c**3 + 22*c**2 + c + 23. Let m be t(-22). Let j(q) = m*a(q) + 6*l(q). Calculate j(-2).
9
Let q = -120 + 121. Let d be q - 2 - -2 - 1. Suppose d = 94*b - 99*b + 10. Let z(n) = -n**3 - n**2 + n - 2. What is z(b)?
-12
Let n = -144 - -148. Let u = -10 - -17. Let y(f) = -1 - 4*f**2 - 3*f + u*f**2 - f**3 - n + 8*f. Calculate y(4).
-1
Let f(s) = 3*s**3 - 11*s**2 - 1 + 8*s**2 - s**3 - s**3. Let y be (-1)/6 - 5/(-270)*117. What is f(y)?
-5
Let g(i) = -i**3 - 8*i**2 + 30*i - 40. Suppose -10555*w + 825 = -10630*w. What is g(w)?
-7
Suppose -192*r + 93*r + 24 = -91*r. Let u(x) = 3*x**2 + x - 7. Give u(r).
23
Suppose -2*d = a - 6*d + 4, 5*a + d = 43. Let h(t) be the first derivative of 4*t**2 - 6*t - 19 - 1/3*t**3. Determine h(a).
-6
Let r(n) = 4*n. Let l(k) = -5*k - 7. Let o(s) = -7*s - 5. Let g(a) = -3*l(a) + 4*o(a). Let w = -1 - 6. Let d(v) = w*r(v) - 2*g(v). What is d(5)?
-12
Let f(o) = 213 - 110 - 495*o**2 + 477*o**2 - 102. Suppose 10 = 5*r - 3*a, 0 = 3*r - 2*a - 0*a - 7. What is f(r)?
-17
Suppose -2*a = 2*x + 4, -x - 5*a - 35 + 13 = 0. Let p(g) be the second derivative of -16*g + 0 + 1/2*g**3 - x*g**2. Calculate p(6).
12
Let r(l) = -l**3 - 6*l**2 - 4*l - 25. Let m = 9233 - 9239. Calculate r(m).
-1
Let d(n) = -14*n**2 + 4*n - 5. Let l = -25595 - -25596. Determine d(l).
-15
Let l(m) be the first derivative of 7/2*m**2 - 161 + 1/3*m**3 - 5*m. Calculate l(-7).
-5
Let k = -27 - -39. Suppose -11*h = -k*h + 5*o + 12, 0 = 3*h + 4*o + 2. Let l(s) = 1 + 0 + 0*s - s. What is l(h)?
-1
Let s be (-14)/(-2)*(24/21)/4. Let i(k) = 2*k - 12*k + 35 - 16 + k**s. Let v be i(7). Let m(p) = 2*p**2. Determine m(v).
8
Let k(i) = -27*i + 3. Let z(g) = -g**3 - 11*g**2 + 8*g - 48. Let r be z(-12). Give k(r).
3
Let b(v) = v**2 - 5*v - 7. Suppose -44*f + 40*f + 180 = 0. Suppose 14*n - f*n = -155. Give b(n).
-7
Suppose 0 = 3*m - 4*m + 6. Let d(g) = 7*g - 7*g - 10*g - m. Let s be d(-1). Let o(y) = -y**3 + 5*y**2 - 5*y - 1. Calculate o(s).
-5
Let h(o) = -6*o - 22. Let d(f) = 7*f + 19. Let v(r) = -7*d(r) - 6*h(r). Suppose 1 = 55*u - 54*u. Determine v(u).
-14
Let r be ((-506)/(-3))/(3 + (-55)/15). Let t = 262 + r. Let a(c) = 3*c + 2. Calculate a(t).
29
Let h be 2/(-2) + (-2)/(-2). Suppose 13 = -5*u - 3*o, -u = -h*o + 3*o + 5. Let t(i) be the third derivative of i**4/12 + i**3/6 + 18*i**2 - 312*i. Give t(u).
-3
Let m(i) = i**3 - 8*i**2 - 5*i - 7. Let z be (7 - (12 + -5))/(-1). Suppose -2*f = 4*x - 26, z = -12*f + 14*f + 5*x - 28. Give m(f).
29
Let x(n) = 40*n**3 - 4*n**2 - 3*n - 1. Suppose 2*h = -17*h + 12*h - 7. Give x(h).
-42
Let g = 379 - 353. Suppose 0 = 8*i - 10*i + 5*x - 8, -3*i + g = 2*x. Let j(p) = -5 - 4*p - p**3 + p**2 + 6*p**2 - 3*p. Determine j(i).
-11
Let v(u) = -33*u**2 + 430040 - 53*u - 430012 + 35*u**2. Give v(26).
2
Suppose -5*s + 25 = 0, 4*g + 5*s + 2 = 59. Let f be ((-64)/24)/(g/12). Let i(n) = -2*n**2 - 2*n + 1. Calculate i(f).
-23
Let f(x) be the third derivative of -x**6/60 - 7*x**5/60 - x**4/3 - 26*x**3/3 - 256*x**2. Give f(-4).
-4
Let q(x) = 357 + 22*x + 167 - 427 - x**2. Calculate q(26).
-7
Let t(l) be the second derivative of l**4/12 + l**3 + 3*l**2/2 - 6*l. Let v(w) = w**2 + 25*w - 30. Let m be v(-26). Let i be 2 + -3 - (20/4 + m). What is t(i)?
-5
Let t(h) = h - 2. Let b be 4/22 - (-42924)/231. Let k = b + -81. Let f = -105 + k. What is t(f)?
-2
Suppose -3*n + 3*l - 6 = 0, -876*n = -871*n - 3*l. Let y(i) = i**3 - 9*i**2 + 19*i - 1. Give y(n).
2
Let r(h) be the first derivative of -46 + 5/2*h**2 - 18*h + 1/3*h**3. Let f(g) be the first derivative of r(g). What is f(5)?
15
Let b(h) = 3*h + 5. Let i = -187 + 202. Suppose -22*f + i = -25*f. Calculate b(f).
-10
Let m(i) = 1. Let s = 1011 + -1007. Let f = -1 - 0. Let v(p) = 2*p. Let r(t) = f*v(t) + s*m(t). Determine r(8).
-12
Suppose 2 = -3*k + k. Let i be 4 + (12*k)/1. Let l(v) = 4*v**3 + v**2 - 2*v - 5. Let p(g) = 11*g**3 + 3*g**2 - 5*g - 15. Let w(r) = i*l(r) + 3*p(r). Give w(0).
-5
Let w = -21563 + 21567. Let s(r) = -4*r**2 + r + 7. Determine s(w).
-53
Suppose -5*u - 15 = 4*l - 3, -14 = -l + 3*u. Let b be (-3 + l)*9 - 0. Let q(g) = 10*g**2 + 0*g**3 + 278*g - 8 + g**3 - 269*g. What is q(b)?
-8
Let s(y) = 2*y**2 - 12. Let p = -3032 + 3035. What is s(p)?
6
Let k(o) = 12*o + 12 - 7*o + 2*o - 5*o. Let d = 70 - 43. Suppose -d = 3*b + 6. Calculate k(b).
-10
Let i(p) = -8*p**3 + p. Let v = -118 + 66. Let j = -50 - v. Let z be 6/(-6)*(-3 + j). Calculate i(z).
-7
Suppose 4*y - w - w - 20 = 0, 8 = y - 2*w. Let u(q) be the second derivative of 1/20*q**5 + 0 - 2*q**2 - 1/4*q**4 + 1/2*q**3 + 224*q. Calculate u(y).
24
Let o(q) be the first derivative of q**5/60 + 11*q**4/24 - q**3/3 - 33*q - 77. Let y(g) be the third derivative of o(g). Suppose -10 - 30 = 5*t. What is y(t)?
-5
Let d(b) be the second derivative of b**5/10 - b**4/12 - 2*b**3/3 - 3*b**2/2 - 209*b. Let k be (-4)/(5*6/15). Determine d(k).
-15
Suppose -5 - 100 = -5*m - 5*b, -3*m - 2*b = -59. Let f(o) be the second derivative of -1/6*o**3 + 1/12*o**4 + 0 + m*o - 1/20*o**5 + 1/2*o**2. Calculate f(1).
0
Suppose 4*x - 1 - 11 = 0. Let n(m) = x + 1 + m + 0 - 14. Let f = 70 + -63. Calculate n(f).
-3
Let t(y) = -2*y**2 - y - 2. Let g(w) = w**3 + 4*w**2 + w + 50. Let k be g(-5). Suppose -5*d - 4*x + k = 0, -4*x = -5*d + 6*d - 4. Determine t(d).
-38
Let f(j) = -3*j - 2*j - 29511 + 29510 - j**2 + 4*j. Let g(w) = w - 3 - w**2 + 8 + 3*w. Let y(k) = 4*f(k) + g(k). Give y(1).
-4
Let g(i) = -679*i + 1 - 1432*i**2 + 339*i + 338*i + 1436*i**2. Let v = -3 - -5. What is g(v)?
13
Let m(w) = 1 + 17855*w - 3 - 5954*w - 5952*w - 5950*w. Let n be -9*2*(-2)/12. Determine m(n).
-5
Let o(s) = s**3 + 17*s**2 + 52*s - 17. Suppose -3*a + 25 - 38 - 26 = 0. Give o(a).
-17
Let k(w) = w**2 + 7. Let b(c) = -9*c + 9. Let l = -7 + 8. Let r be b(l). Let o be -2*(-3)/(-6)*r. What is k(o)?
7
Let f(y) = y**2 - 7*y. Let h(q) = -42*q + 47. Suppose 2*s + 6 = 4*s - x, x = -2*s - 2. Let n be h(s). Determine f(n).
-10
Suppose 5*o = 9*o - 80. Let g(d) = 3*d - 55. Let n be g(o). Let s(y) = -n*y**2 + 11*y**3 - 4*y - 4 - 2*y**2 + 11*y - 10*y**3. Determine s(6).
2
Let u(t) = t + 4. Suppose -329*x + 335*x - 84 = 0. Suppose -r + x = -m, -4*r + 58 = 5*m + 92. Calculate u(m).
-6
Let y(d) = d**3 - 3*d**2 + 4*d - 7. Let u = 1543 - 1538. Calculate y(u).
63
Let m(d) = -d**3 - 13*d**2 - 10*d + 7. Suppose z = 3*w - 12, 36 = -19*z + 16*z - 4*w. Calculate m(z).
-17
Let x(c) = 20*c**2 - 101*c + 6. Suppose -3*z + 16 = -s, -348*z + s = -347*z - 6. Calculate x(z).
1
Let z(m) = -3*m + 11 + 4*m + 0*m. Let g = 56 - 52. Suppose g*s + 559 = 539. Calculate z(s).
6
Suppose 48 = 5*a - 22. Suppose 5*i = -r - 28, -a = -r + 5*i + 8. Let z(x) = -3*x. Give z(r).
9
Let q be 8/12 - (-14)/(-3). Let b be (-126)/(-72) + (-1)/q + 0. Let y(l) = -l**3 - l**2 + 4*l + 1. Let w(v) = v + 1. Let a(s) = 3*w(s) - y(s). Determine a(b).
12
Let u(k) be the first derivative of -k**6/360 + k**5/15 - 7*k**4/24 - 16*k**3/3 + 44. Let a(i) be the third derivative of u(i). Give a(6).
5
Let k(n) = -9*n + 1. Let p be 0/7*4/(-16). Suppose 9*t = -p*t - 27. What is k(t)?
28
Let k(n) = 11*n**3 + 4*n**2 - 68*n - 5. Let y(m) = -9*m**3 - 4*m**2 + 56*m + 6. Let x(t) = -5*k(t) - 6*y(t). What is x(4)?
5
Let x(o) = 2*o**3 + 14*o**2 + 9*o - 24. Let b = -11460 + 11454. Determine x(b).
-6
Let o(h) = -h**3 + 6*h**2 + 3. Suppose 2*b - 4 = -z - 0, -z - 2 = 0. Suppose 0 = -4*p - b*p + 42. Give o(p).
3
Let g = -476 - -483. Let b(j) = -j**2 + 6*j + 2. Give b(g).
-5
Let s(p) = -p**3 - 6*p**2 - p + 4. Let q = 149 - 308. Let d = 153 + q. Determine s(d).
10
Let q = 1 - -3. Suppose r = -3*r + 2*n + 20, q*r - n = 22. Let h(d) = 3*d**2 + 5*d - 6. Let f(s) = 7*s**2 + 9*s - 13. Let x(l) = -4*f(l) + 9*h(l). What is x(r)?
16
Let q(h) = 8*h**2 + h + 1. Let v(x) = 3*x**2 - 1. Let f(u) = q(u) - 3*v(u). Calculate f(-2).
-2
Let a(g)